 be the second derivative of 1/6*d**3 + 0 - 27*d - 1/6*d**4 + d**2. Give o(-2).
-8
Suppose d = 5 - 0. Let o(k) = d - 5 - 7*k**2. Let b(z) = 2*z**3 - 3*z**2 + 6*z - 4. Let m be b(1). What is o(m)?
-7
Suppose -2*m = m - 6. Let s(x) = -m + 6 - 3 - 4 + 2*x. Determine s(3).
3
Let q(a) = -3 - 3*a - 1 + 14*a + a**2. Give q(-12).
8
Let s(t) be the second derivative of -5*t**5/4 - t**2/2 - 5*t - 1. Let k(y) = -y + 10. Let v be k(11). What is s(v)?
24
Suppose 3 = 2*t + 3*o, 5 = 5*t - t + 5*o. Let d be (-2 - -1)/(-2)*t. Let s(z) = z**3 - z - 8 + 3 - 7. What is s(d)?
-12
Let d = 21 + -13. Suppose d*r + 9 = 5*r. Let o(k) = -2*k**2 - 4*k + 1. Calculate o(r).
-5
Let u = -23 + 45. Let c(q) = 6*q + 7. Let x(m) = 2. Let w(y) = 2*c(y) - 6*x(y). Let n(i) = i. Let z(l) = u*n(l) - 2*w(l). Give z(-3).
2
Let q(u) be the first derivative of -5/3*u**3 + 13 + 2*u**2 + 1/4*u**4 - 7*u. Give q(5).
13
Let z(j) = 27*j + 28*j - 25*j. Give z(1).
30
Let x(u) = 2*u - 28. Let n be x(15). Suppose 5*i - 20 = -2*z, -n*i - 3*i + 2*z = -40. Let k(t) = t + 3. Calculate k(i).
9
Let f(u) = u - 11. Let h(c) = c**3 + 10*c**2 + c + 14. Let r be h(-10). Let x = r - -6. Suppose -x*v + 13*v - 24 = 0. Calculate f(v).
-3
Suppose 4*y - 24 = 3*m, 0 = -m - 2*m. Suppose 3*q - 2*x - y = 0, 2*x + x + 6 = 3*q. Let r(a) = -3*a**2 + 2*a**2 - 10 + 0*a**q + 2*a**2 + 8*a. Determine r(-9).
-1
Let x(f) = -f**2 - 4*f + 5. Let g = -88 - -82. Determine x(g).
-7
Let i(q) = -q**2 + q - 39. Let b be i(0). Let s be 1 + (b/9 - 2/3). Let c(v) = -3*v + 0*v + 1 - 5. Calculate c(s).
8
Let c(l) = l**2 + 5*l - 6. Suppose -26*j - 132 = -4*j. What is c(j)?
0
Suppose -q + 30 = q - a, 0 = 2*a - 8. Suppose -v + 4*g - q = 0, -g = 3*v + 2*v + 22. Let j(t) = 210*t**2 - 418*t**2 - 3 - 7*t + 207*t**2 - 1. Determine j(v).
6
Let q(j) = 11*j + 8. Let m(r) = -11*r - 6. Let d(n) = -4*m(n) - 3*q(n). Give d(2).
22
Let x(z) = z**3 - 10*z**2 - 12*z + 1. Let j(i) = 5*i**3 - 41*i**2 - 49*i + 5. Let y(f) = 2*j(f) - 9*x(f). Give y(-6).
13
Let f(r) = r - 7. Suppose -1 = 5*h - 26, 5*g + 3*h - 35 = 0. Suppose g*d - 24 = 4. What is f(d)?
0
Let x(t) = 5*t**2 - t + 1. Let z be x(-1). Suppose -z*m = -2*w - 3*m - 14, 4*w + 28 = -m. Let v(c) = -c - 10. What is v(w)?
-3
Let h(c) = -c**3 + 3*c + 1. Let v be h(-2). Suppose v*k - 2 = 10. Let u(f) = -f**2 + k*f**2 + 2 - 4*f**2 - f + 3*f. Give u(3).
-1
Let u(m) = m**2 - 2*m - 4. Suppose 19*q - 39 = 56. Give u(q).
11
Let q(m) = m**3 + m**2 - m + 5. Let u be q(0). Let w(z) = 0 - 33*z**2 + 0*z + 1 - 5*z - 6 + 34*z**2. Calculate w(u).
-5
Let h(z) be the first derivative of -z**7/840 + z**6/45 - 7*z**4/24 + 23*z**3/3 + 35. Let d(l) be the third derivative of h(l). Give d(8).
-7
Suppose 0*b = 2*b + 3*l + 175, 5*l + 5 = 0. Let v = 91 + b. Let o(w) be the third derivative of w**6/120 - w**5/15 - w**4/4 - w**3/2 + w**2. Give o(v).
-8
Let l(w) be the third derivative of -5*w**4/8 - w**3/6 - 3*w**2 + 13. Give l(-2).
29
Let j(y) = -3622 - y**2 + 1818 - 2*y + 1808. Determine j(-3).
1
Let u(x) be the second derivative of 0 - 3/2*x**2 - 1/3*x**3 + x. Determine u(-4).
5
Let a(c) = c**3 - 7*c**2 + 5*c + 9. Let x be a(6). Let w(i) = -3*i - 2. Give w(x).
-11
Let b(p) = -4*p**2 + 46*p + 38. Let m(y) = -3*y**2 + 31*y + 25. Let n(w) = -5*b(w) + 7*m(w). What is n(-11)?
7
Let g(z) = -z**3 + 4*z**2 + 10*z - 1. Let n(m) = m**3 - 3*m**2 - 9*m + 1. Let a(h) = -6*g(h) - 7*n(h). Determine a(-4).
3
Let p(w) = 6*w**2 + 3*w - 46 + 2*w**3 - 7*w**2 + 4*w**2 + 49. Let y = -2 - -4. Suppose 0 = -f + 5*o + 9 + 14, 4*f + y*o = -18. What is p(f)?
-7
Let l(u) = u**2 - 4*u + 1. Let z(w) = 3*w - 10. Let g be z(4). Let i be 0/(-2)*(-1)/(-2). Suppose i*d - 10 = -g*d. Determine l(d).
6
Let v(a) = a - 2. Let l be -5 + 1 - (-3 - -4) - 1. What is v(l)?
-8
Let g(w) = -w - 8. Let y be g(-6). Let o(s) be the first derivative of -11*s + 10*s + 4*s - 19 + 3*s**2. Calculate o(y).
-9
Let a(i) be the first derivative of i**4/12 - i**2/2 - 9*i - 22. Let p(h) be the first derivative of a(h). What is p(-2)?
3
Let t(u) = 13*u + 9*u + 11*u - 26*u - 9 + u**2. What is t(-8)?
-1
Let n be 4/14 - (-4)/(-14). Let c(v) = v**2 + 2*v + 1. Let i be c(n). Let f(b) = -2*b + 0 - 2 + i. Determine f(-1).
1
Let v(r) be the second derivative of 0 - 1/2*r**3 + 9*r + 1/12*r**4 - 3/2*r**2. Let f(p) = -p - 9. Let k be f(-7). Give v(k).
7
Suppose g + 77 = 5*p, 5*g + 7 = 22. Let c(u) = -u**2 + 16*u - 6. Calculate c(p).
-6
Let m(s) = s**3 + s - 17. Suppose 95 = 11*h + 95. Calculate m(h).
-17
Let i(k) = 5*k**3 - 5*k**2 - 6*k - 17. Let p(y) = -4*y**3 + 4*y**2 + 5*y + 14. Let b(u) = -5*i(u) - 6*p(u). Determine b(2).
-3
Let v be (-4)/(-18) - (-1)/(-18)*4. Suppose 3*l - h + 25 = 5*l, -4*h + 20 = v. Let o(r) = -r**2 + 10*r - 2. What is o(l)?
-2
Suppose -v = 3*x - 3, 3*x = 2*x + v - 3. Suppose -5*q + x = -3*w - 3, -5*w = 5*q + 45. Let y(k) = -k**2 - 5*k + 8. Calculate y(w).
2
Let a = 96 - 92. Let w(v) = v**2 - 3*v + 4. What is w(a)?
8
Let n be (-2 - 0)/((-2)/7). Let r(c) be the third derivative of -c**5/60 + c**4/3 + 2*c**3/3 - 7464*c**2. Calculate r(n).
11
Let z(u) = 20*u**2 - 2*u + 7. Let w(o) = 33*o**2 - 4*o + 16. Let f(l) = -3*w(l) + 5*z(l). Give f(6).
35
Let y(w) be the second derivative of 5*w**3/6 - 2*w**2 - 48*w. Determine y(-3).
-19
Let k(r) be the second derivative of r**3/6 - 4*r**2 - 69*r. Let a be -4 + 3/(-3)*-11. Determine k(a).
-1
Let l(k) = k**3 - 2*k**2 + k - 1. Let t be l(2). Let y(h) = 5*h**2 - 1. Let f be y(t). Let u(r) = 9 - 14*r + r**2 + 3*r - 3 + 7*r. Determine u(f).
6
Let d be 6/20 + 67/10. Let f(l) = 15*l - 23. Let w(z) = -8*z + 12. Let p(y) = 6*f(y) + 11*w(y). Give p(d).
8
Let n be (-40)/6*(-6)/4. Suppose 5*o - n = -0*o. Let u(t) = t - t**2 + 0 - 2 - o - 7. Give u(0).
-11
Let i be (4 - 0)/(-1) - 0. Let v be 7/28 + 37/i. Let j(g) = g + 16. Give j(v).
7
Suppose 5*k - 4*k + 3*c = 12, 4*k + c = 4. Let s(f) = k*f - 1 - 6 - f. Let l be (-52)/24 - -2 - (-87)/(-18). Calculate s(l).
-2
Let p(g) = 10*g**3 + 5*g**2 + 2*g**3 + g - 11*g**3. Calculate p(-5).
-5
Let c(p) = -2*p + 2. Let u(i) = i**3 - 6*i**2 + 3*i + 6. Let b be u(5). Let l be b/(-10) + 76/10. Let v be 4/6 + l/(-3). Calculate c(v).
6
Let j be (54/(-45))/((-4)/10). Let h(w) = 7 + j*w - 17 + 8. What is h(2)?
4
Let m(r) = 2*r + 4. Let t = -190 - -298. Let c be ((-2)/(-6))/((-9)/t). Calculate m(c).
-4
Let i(f) = -7*f**2 + f - 1. Let s be i(-2). Let z be 496/14 + (-21)/49. Let w = z + s. Let v(j) = -2*j + 6. Calculate v(w).
-2
Suppose -2*g + 48 = -12. Let s be 440/75 + -2*(-2)/g. Let v(c) = -c**2 + c + 1. Let o(q) = 6*q**2 - 12*q + 1. Let r(k) = -o(k) - 5*v(k). What is r(s)?
0
Let l = 70 - 50. Let x(j) = -2 + l*j - 21*j + 4. Suppose -4*t + 6 = 26, w - 8 = 2*t. What is x(w)?
4
Let r(m) be the first derivative of -m**2/2 - 7*m - 31. Calculate r(6).
-13
Let g = 2 - 8. Let a(p) = -5*p + 5. Let q(h) = -7 - 4*h - 5 + 16. Let c(f) = -5*a(f) + 6*q(f). Determine c(g).
-7
Let g(y) be the first derivative of -3*y**2 - 8*y - 301. Determine g(-6).
28
Let p = -28 - -30. Let n(z) = -z + p*z**3 - z**2 - 3*z**3 + 9*z**2 - 1 + 6. What is n(8)?
-3
Let h(m) be the third derivative of 6*m**2 - 1/60*m**5 + 0*m - 4/3*m**3 + 0 - 5/24*m**4. Calculate h(-6).
-14
Suppose 0*n = -5*n - 4*r + 12, -4*n = r - 14. Let c be 22/(-2) - (0 - n). Let o be (14/4)/c*-2. Let q(b) = -4*b**3 + b - 1. Calculate q(o).
-4
Let o(t) = -2*t + 2. Let s(g) = 6 - 1 - 3 - 3*g. Let c be (17 - -1)*(-2)/(-6). Let p(y) = c*o(y) - 5*s(y). Determine p(-4).
-10
Let f(z) = z - 3. Let b = -38 + 31. Let h = b - -2. Calculate f(h).
-8
Let q(o) = o**2 + 5*o - 3. Let m be q(-6). Let i(d) be the second derivative of 1/3*d**m - 7/2*d**2 + 0 + 4*d. What is i(5)?
3
Let a(g) be the first derivative of 3*g**2/2 + 31*g + 2. Let k be a(-9). Let x(d) = 2*d - 2. Calculate x(k).
6
Suppose 0 = 2*p + 1 - 7. Let y(a) be the first derivative of a**2/2 + 1781. Calculate y(p).
3
Let u(c) be the third derivative of c**5/60 + c**4/3 - c**3/3 - 3*c**2. Suppose 3*m = 3*j + 120, 0*j = -4*m - 4*j + 136. Let q = 31 - m. Determine u(q).
-14
Suppose -4 + 0 = 2*g. Let j be 2/(-6) - (-30)/9. Let c(v) = 1 + 3*v**2 - v**3 - 2*v + 3*v**j - 2 - v**3. Determine c(g).
7
Let s be -3*(1 + 8/(-4)). Suppose 0 = s*h - 5*h - 16. Let k(c) = -c**3 - 9*c**2 - 8*c - 7. Calculate k(h).
-7
Let v(b) = b - 7. Let d be 0 + 16/80 - (-34)/5.